ctor of 2143?
False
Is 22 a factor of 787?
False
Is 21049 a multiple of 97?
True
Is 1650 a multiple of 11?
True
Is 23424 a multiple of 8?
True
Does 211 divide 113518?
True
Is 20 a factor of 20934?
False
Does 10 divide 2383?
False
Is 63 a factor of 18144?
True
Is 4 a factor of 4780?
True
Is 10675 a multiple of 47?
False
Does 34 divide 2618?
True
Is 247 a multiple of 13?
True
Is 17 a factor of 3185?
False
Is 1438 a multiple of 46?
False
Is 100 a multiple of 4?
True
Does 22 divide 244?
False
Is 22488 a multiple of 12?
True
Does 17 divide 12193?
False
Is 1440 a multiple of 32?
True
Is 60680 a multiple of 164?
True
Is 15 a factor of 13615?
False
Is 6 a factor of 108?
True
Is 9 a factor of 854?
False
Is 30602 a multiple of 214?
True
Is 36 a multiple of 2?
True
Does 18 divide 1008?
True
Does 39 divide 661?
False
Is 43 a factor of 1481?
False
Is 161 a factor of 38199?
False
Is 13512 a multiple of 24?
True
Is 19 a factor of 12893?
False
Is 26 a factor of 20742?
False
Is 81 a factor of 4163?
False
Is 23447 a multiple of 116?
False
Does 38 divide 2166?
True
Does 8 divide 672?
True
Does 294 divide 68745?
False
Is 4 a factor of 2595?
False
Does 14 divide 6762?
True
Is 15 a factor of 2640?
True
Is 6 a factor of 5148?
True
Is 5 a factor of 268?
False
Is 54 a factor of 1404?
True
Is 958 a multiple of 18?
False
Is 23 a factor of 7337?
True
Does 170 divide 41039?
False
Does 16 divide 8396?
False
Is 47 a factor of 222?
False
Is 3732 a multiple of 12?
True
Is 3 a factor of 1379?
False
Is 101 a factor of 1565?
False
Does 39 divide 351?
True
Is 4 a factor of 80?
True
Is 80 a factor of 2330?
False
Is 55 a factor of 5280?
True
Is 3 a factor of 156?
True
Is 21726 a multiple of 51?
True
Is 4555 a multiple of 25?
False
Does 5 divide 27215?
True
Is 2934 a multiple of 29?
False
Is 9240 a multiple of 14?
True
Is 5 a factor of 475?
True
Is 38 a factor of 901?
False
Is 51 a factor of 8688?
False
Does 39 divide 2067?
True
Is 19 a factor of 9309?
False
Is 1482 a multiple of 38?
True
Is 2 a factor of 215?
False
Does 43 divide 3399?
False
Is 734 a multiple of 42?
False
Does 78 divide 13026?
True
Does 14 divide 450?
False
Does 80 divide 560?
True
Does 12 divide 2916?
True
Does 57 divide 357?
False
Is 4458 a multiple of 20?
False
Does 11 divide 30613?
True
Is 65314 a multiple of 31?
False
Is 31124 a multiple of 31?
True
Does 18 divide 1901?
False
Is 3320 a multiple of 11?
False
Is 2508 a multiple of 66?
True
Does 16 divide 1570?
False
Is 16 a factor of 6992?
True
Is 11 a factor of 99?
True
Is 33012 a multiple of 6?
True
Is 39 a factor of 78?
True
Is 2823 a multiple of 2?
False
Is 6 a factor of 7526?
False
Does 79 divide 9652?
False
Is 6277 a multiple of 10?
False
Is 4323 a multiple of 5?
False
Is 34352 a multiple of 19?
True
Does 6 divide 1538?
False
Is 10 a factor of 370?
True
Is 235 even?
False
Does 22 divide 45980?
True
Is 2625 a multiple of 125?
True
Is 3671 a multiple of 7?
False
Is 12 a factor of 3304?
False
Is 18 a factor of 6156?
True
Is 10822 a multiple of 14?
True
Is 76623 a multiple of 18?
False
Is 1027 a multiple of 67?
False
Is 8075 a multiple of 135?
False
Is 110 a multiple of 22?
True
Is 2822 a multiple of 34?
True
Does 12 divide 10080?
True
Does 26 divide 402?
False
Does 104 divide 34216?
True
Is 14 a factor of 15414?
True
Is 534 a multiple of 6?
True
Is 1312 a multiple of 16?
True
Does 2 divide 5353?
False
Is 8524 a multiple of 4?
True
Does 11 divide 317?
False
Is 698 a multiple of 28?
False
Is 462 a multiple of 3?
True
Does 214 divide 4036?
False
Is 360 a factor of 378?
False
Does 23 divide 4284?
False
Does 7 divide 1451?
False
Is 10 a factor of 5038?
False
Is 68 a factor of 21896?
True
Is 4 a factor of 9172?
True
Does 229 divide 14047?
False
Is 27 a multiple of 2?
False
Is 145 a factor of 4060?
True
Does 9 divide 62266?
False
Does 36 divide 85763?
False
Is 10425 a multiple of 142?
False
Is 2592 a multiple of 17?
False
Is 111 a factor of 2788?
False
Is 21 a factor of 1898?
False
Is 13 a factor of 754?
True
Is 1404 a multiple of 61?
False
Does 51 divide 77136?
False
Is 2 a factor of 110?
True
Is 450 a multiple of 9?
True
Is 139 a factor of 7089?
True
Is 1057 a multiple of 107?
False
Does 32 divide 1620?
False
Is 23 a factor of 1240?
False
Does 46 divide 46?
True
Is 5 a factor of 291?
False
Is 5 a factor of 251?
False
Does 15 divide 591?
False
Is 1848 a multiple of 28?
True
Does 41 divide 138?
False
Is 11 a factor of 3487?
True
Does 23 divide 16767?
True
Does 14 divide 3653?
False
Is 11 a factor of 462?
True
Is 6387 a multiple of 10?
False
Does 157 divide 16519?
False
Does 18 divide 505?
False
Is 27 a multiple of 3?
True
Does 67 divide 39932?
True
Is 118 a factor of 11210?
True
Is 5256 a multiple of 8?
True
Is 14 a factor of 2856?
True
Is 4 a factor of 2922?
False
Does 143 divide 17597?
False
Is 36765 a multiple of 15?
True
Is 125 a factor of 1750?
True
Does 94 divide 11131?
False
Does 7 divide 4164?
False
Does 5 divide 8910?
True
Is 22834 a multiple of 49?
True
Does 15 divide 61485?
True
Does 56 divide 79128?
True
Is 12204 a multiple of 12?
True
Is 81 a factor of 3564?
True
Is 4500 a multiple of 150?
True
Is 248 a multiple of 4?
True
Is 119 a factor of 9411?
False
Is 37 a factor of 383?
False
Is 10 a factor of 608?
False
Is 5710 a multiple of 26?
False
Is 3521 a multiple of 43?
False
Is 26 a factor of 1066?
True
Is 4 a factor of 12?
True
Is 448 a multiple of 25?
False
Does 42 divide 655?
False
Is 14582 a multiple of 101?
False
Does 5 divide 8272?
False
Is 15 a factor of 5535?
True
Does 14 divide 98?
True
Is 110 a multiple of 3?
False
Is 20 a factor of 4920?
True
Is 456 a multiple of 16?
False
Is 34 a factor of 1294?
False
Does 95 divide 6318?
False
Is 1014 a multiple of 78?
True
Is 1181 a multiple of 23?
False
Is 37 a factor of 622?
False
Is 14 a factor of 6074?
False
Is 480 a multiple of 32?
True
Does 100 divide 15552?
False
Is 35 a factor of 792?
False
Is 14 a factor of 966?
True
Does 28 divide 336?
True
Is 43 even?
False
Is 2057 a multiple of 11?
True
Does 36 divide 121078?
False
Is 4260 a multiple of 15?
True
Does 8 divide 5952?
True
Is 9 a factor of 1193?
False
Does 11 divide 26383?
False
Is 39182 a multiple of 26?
True
Is 27309 a multiple of 162?
False
Is 3795 a multiple of 55?
True
Does 7 divide 39337?
False
Is 15270 a multiple of 52?
False
Is 210 a multiple of 3?
True
Does 33 divide 3093?
False
Is 2278 a multiple of 87?
False
Is 69 a factor of 96445?
False
Is 26290 a multiple of 10?
True
Is 22 a factor of 1173?
False
Does 2 divide 2?
True
Is 132 a factor of 3360?
False
Is 28 a factor of 4557?
False
Does 25 divide 475?
True
Is 34 a factor of 612?
True
Does 55 divide 18205?
True
Does 35 divide 127890?
True
Is 117 a multiple of 13?
True
Is 2877 a multiple of 137?
True
Does 99 divide 12107?
False
Does 4 divide 14326?
False
Is 20 a factor of 239?
False
Is 12 a factor of 8182?
False
Is 38 a factor of 1776?
False
Is 1672 a multiple of 44?
True
Is 381 a multiple of 29?
False
Is 351 a multiple of 4?
False
Does 5 divide 31245?
True
Is 83 a factor of 3237?
True
Does 12 divide 5592?
True
Is 17 a factor of 782?
True
Is 102 a multiple of 15?
False
Is 4 a factor of 79?
False
Is 53 a factor of 39538?
True
Is 10958 a multiple of 23?
False
Does 196 divide 2104?
False
Is 6 a factor of 3683?
False
Is 343 a multiple of 5?
False
Is 17 a factor of 1411?
True
Is 28231 a multiple of 6?
False
Does 15 divide 2152?
False
Does 58 divide 4814?
True
Is 9414 a multiple of 9?
True
Is 7454 a multiple of 12?
False
Does 201 divide 71757?
True
Does 12 divide 50974?
False
Does 9 divide 90?
True
Is 94 a multiple of 4?
False
Is 191 a factor of 133659?
False
Is 104 a multiple of 8?
True
Does 12 divide 2297?
False
Is 59052 a multiple of 259?
True
Is 71 a factor of 3331?
False
Does 13 divide 429?
True
Is 9 a factor of 16927?
False
Is 18294 a multiple of 5?
False
Does 11 divide 111318?
False
Is 28 a factor of 17543?
False
Is 37 a factor of 4514?
True
Is 61931 a multiple of 17?
True
Is 150 a multiple of 15?
True
Does 12 divide 63?
False
Is 2 a factor of 290?
True
Does 33 divide 6628?
False
Is 2795 a multiple of 17?
False
Is 26055 a multiple of 5?
True
Is 16 a factor of 200?
False
Does 10 divide 1411?
False
Is 280 a multiple of 5?
True
Is 941 a multiple of 24?
False
Does 3 divide 661?
False
Is 13